{"id":226,"date":"2017-08-01T10:32:00","date_gmt":"2017-08-01T08:32:00","guid":{"rendered":"http:\/\/www.parquoijecommence.eu\/?page_id=226"},"modified":"2021-11-26T14:16:18","modified_gmt":"2021-11-26T13:16:18","slug":"liens","status":"publish","type":"page","link":"https:\/\/www.parquoijecommence.eu\/?page_id=226","title":{"rendered":"Vid\u00e9os &#038; Liens"},"content":{"rendered":"\n<h4 class=\"wp-block-heading\">Vid\u00e9os :<\/h4>\n\n\n\n<div class=\"wp-block-image\"><figure class=\"aligncenter is-resized\"><a href=\"https:\/\/www.youtube.com\/channel\/UC3YDDcIlDiKQg9QbP8z5low\" target=\"_blank\" rel=\"noreferrer noopener\"><img loading=\"lazy\" decoding=\"async\" src=\"http:\/\/www.parquoijecommence.eu\/wp-content\/uploads\/2019\/03\/Mathieu_Youtube.jpg\" alt=\"\" class=\"wp-image-1128\" width=\"476\" height=\"268\" srcset=\"https:\/\/www.parquoijecommence.eu\/wp-content\/uploads\/2019\/03\/Mathieu_Youtube.jpg 951w, https:\/\/www.parquoijecommence.eu\/wp-content\/uploads\/2019\/03\/Mathieu_Youtube-300x169.jpg 300w, https:\/\/www.parquoijecommence.eu\/wp-content\/uploads\/2019\/03\/Mathieu_Youtube-768x433.jpg 768w, https:\/\/www.parquoijecommence.eu\/wp-content\/uploads\/2019\/03\/Mathieu_Youtube-600x338.jpg 600w\" sizes=\"auto, (max-width: 476px) 100vw, 476px\" \/><\/a><\/figure><\/div>\n\n\n<h4>Nos liens:<\/h4>\n<p>Liste de producteurs bio du Nord de l&rsquo;Alsace :<br \/><a href=\"https:\/\/www.parquoijecommence.eu\/wp-content\/uploads\/2021\/11\/Liste_producteurs_bio.pdf\" target=\"_blank\" rel=\"noopener\">https:\/\/www.parquoijecommence.eu\/wp-content\/uploads\/2021\/11\/Liste_producteurs_bio.pdf<\/a><\/p>\n<p>S.E.L. (Syst\u00e8me d&rsquo;\u00e9change local) de la r\u00e9gion de Wissembourg :<br \/><a href=\"http:\/\/solisel.communityforge.net\" target=\"_blank\" rel=\"noopener noreferrer\">http:\/\/solisel.communityforge.net<\/a><\/p>\n<p>S.E.L. de l&rsquo;Outre-For\u00eat<br \/><a href=\"http:\/\/outre-foret.communityforge.net\" target=\"_blank\" rel=\"noopener noreferrer\">http:\/\/outre-foret.communityforge.net<\/a><\/p>\n<p>March\u00e9 de Steinseltz :<br \/><a href=\"http:\/\/marche-steinseltz.fr\" target=\"_blank\" rel=\"noopener noreferrer\">http:\/\/marche-steinseltz.fr<\/a><\/p>\n<p>Ecolieu Langenberg :<br \/><a href=\"http:\/\/ecolieu-langenberg.eu\" target=\"_blank\" rel=\"noopener noreferrer\">http:\/\/ecolieu-langenberg.eu<\/a><\/p>","protected":false},"excerpt":{"rendered":"<p>Vid\u00e9os : Nos liens: Liste de producteurs bio du Nord de l&rsquo;Alsace :https:\/\/www.parquoijecommence.eu\/wp-content\/uploads\/2021\/11\/Liste_producteurs_bio.pdf S.E.L. (Syst\u00e8me d&rsquo;\u00e9change local) de la r\u00e9gion<\/p>\n","protected":false},"author":1,"featured_media":0,"parent":0,"menu_order":0,"comment_status":"closed","ping_status":"closed","template":"","meta":{"colormag_page_container_layout":"default_layout","colormag_page_sidebar_layout":"default_layout","footnotes":""},"class_list":["post-226","page","type-page","status-publish","hentry"],"_links":{"self":[{"href":"https:\/\/www.parquoijecommence.eu\/index.php?rest_route=\/wp\/v2\/pages\/226","targetHints":{"allow":["GET"]}}],"collection":[{"href":"https:\/\/www.parquoijecommence.eu\/index.php?rest_route=\/wp\/v2\/pages"}],"about":[{"href":"https:\/\/www.parquoijecommence.eu\/index.php?rest_route=\/wp\/v2\/types\/page"}],"author":[{"embeddable":true,"href":"https:\/\/www.parquoijecommence.eu\/index.php?rest_route=\/wp\/v2\/users\/1"}],"replies":[{"embeddable":true,"href":"https:\/\/www.parquoijecommence.eu\/index.php?rest_route=%2Fwp%2Fv2%2Fcomments&post=226"}],"version-history":[{"count":19,"href":"https:\/\/www.parquoijecommence.eu\/index.php?rest_route=\/wp\/v2\/pages\/226\/revisions"}],"predecessor-version":[{"id":1577,"href":"https:\/\/www.parquoijecommence.eu\/index.php?rest_route=\/wp\/v2\/pages\/226\/revisions\/1577"}],"wp:attachment":[{"href":"https:\/\/www.parquoijecommence.eu\/index.php?rest_route=%2Fwp%2Fv2%2Fmedia&parent=226"}],"curies":[{"name":"wp","href":"https:\/\/api.w.org\/{rel}","templated":true}]}}