{"id":2,"date":"2017-06-26T14:18:19","date_gmt":"2017-06-26T12:18:19","guid":{"rendered":"http:\/\/www.parquoijecommence.eu\/?page_id=2"},"modified":"2024-08-28T14:56:47","modified_gmt":"2024-08-28T12:56:47","slug":"page-d-exemple","status":"publish","type":"page","link":"https:\/\/www.parquoijecommence.eu\/","title":{"rendered":"Qui sommes-nous?"},"content":{"rendered":"\n<figure class=\"wp-block-image aligncenter\"><img loading=\"lazy\" decoding=\"async\" width=\"300\" height=\"300\" src=\"http:\/\/www.parquoijecommence.eu\/wp-content\/uploads\/2017\/06\/cropped-cropped-logo-par-quoi-2-300x300.png\" alt=\"\" class=\"wp-image-36\" srcset=\"https:\/\/www.parquoijecommence.eu\/wp-content\/uploads\/2017\/06\/cropped-cropped-logo-par-quoi-2-300x300.png 300w, https:\/\/www.parquoijecommence.eu\/wp-content\/uploads\/2017\/06\/cropped-cropped-logo-par-quoi-2-150x150.png 150w, https:\/\/www.parquoijecommence.eu\/wp-content\/uploads\/2017\/06\/cropped-cropped-logo-par-quoi-2-270x270.png 270w, https:\/\/www.parquoijecommence.eu\/wp-content\/uploads\/2017\/06\/cropped-cropped-logo-par-quoi-2-192x192.png 192w, https:\/\/www.parquoijecommence.eu\/wp-content\/uploads\/2017\/06\/cropped-cropped-logo-par-quoi-2-180x180.png 180w, https:\/\/www.parquoijecommence.eu\/wp-content\/uploads\/2017\/06\/cropped-cropped-logo-par-quoi-2-32x32.png 32w, https:\/\/www.parquoijecommence.eu\/wp-content\/uploads\/2017\/06\/cropped-cropped-logo-par-quoi-2.png 512w\" sizes=\"auto, (max-width: 300px) 100vw, 300px\" \/><\/figure>\n\n\n\n<p><strong>Le collectif \u00ab\u00a0Par quoi je commence ?\u00a0\u00bb est n\u00e9 en 2017 avec une belle dynamique. Cette dynamique s&rsquo;est essouffl\u00e9e au fil des ann\u00e9es. Ce site va continuer \u00e0 exister, mais en mode minimaliste, avec une page contact et quelques infos basiques. <br>\u00e0 bient\u00f4t pour d&rsquo;autres aventures.<br>Pascal, pour le collectif.<br><\/strong><\/p>\n\n\n\n<p>Le Collectif \u00ab\u00a0Par Quoi Je Commence\u00a0\u00bb est n\u00e9 peu de temps apr\u00e8s la projection \u00e0 Wissembourg du film de M\u00e9lanie Laurent et Cyril Dion \u00ab\u00a0<a href=\"https:\/\/www.demain-lefilm.com\/\">Demain<\/a>\u00ab\u00a0. A la suite de discussions sur les 5 th\u00e8mes abord\u00e9s dans le film, de nombreuses personnes se sont retrouv\u00e9es avec cette simple question en t\u00eate: et moi, par quoi je commence?<\/p>\n\n\n\n<p>Ouvert \u00e0 tous ceux qui souhaitent faire bouger les choses \u00e0 leur humble niveau, ce collectif vise \u00e0 donner \u00e0 notre belle ville de Wissembourg et aux environs un \u00e9lan nouveau, qui place la nature, l&rsquo;humain, la bienveillance, le respect au premier plan.<\/p>\n\n\n\n<p>Nous d\u00e9marrons, n&rsquo;h\u00e9sitez pas \u00e0 venir nous rejoindre, il y a beaucoup d&rsquo;id\u00e9es, de projets (certains d\u00e9j\u00e0 sont en cours&#8230; d&rsquo;autres attendent la ou les personnes&#8230;). Nous les avons rassembl\u00e9es sur la carte soleil ci-dessous, il reste de la place!!!! Allez-voir les <a href=\"http:\/\/www.parquoijecommence.eu\/?page_id=62\">portraits de nos membres<\/a> et leurs envies, choisissez une <a href=\"http:\/\/www.parquoijecommence.eu\/?page_id=492\">action<\/a>&nbsp;qui vous parle ou montez le v\u00f4tre!!<\/p>\n\n\n\n<p>Nous avons besoin de tous, de tous les parcours de vie, de toutes les id\u00e9es, de toutes les comp\u00e9tences, de tous les enthousiasmes et de toutes les folies!!<\/p>\n\n\n\n<p>A tr\u00e8s bient\u00f4t!!<\/p>\n\n\n\n<p>Fred pour le collectif.<\/p>\n\n\n\n<p><a href=\"http:\/\/www.parquoijecommence.eu\/wp-content\/uploads\/2019\/09\/Charte_190504-officiel.pdf\" target=\"_blank\" rel=\"noopener noreferrer\">Consulter la Charte du collectif<\/a><\/p>\n\n\n<a href=\"https:\/\/www.parquoijecommence.eu\/wp-content\/uploads\/2017\/06\/pqjc-sans-tel.pdf\" class=\"pdfemb-viewer\" style=\"\" data-width=\"max\" data-height=\"max\" data-toolbar=\"bottom\" data-toolbar-fixed=\"off\">pqjc sans tel<\/a>\n","protected":false},"excerpt":{"rendered":"<p>Le collectif \u00ab\u00a0Par quoi je commence ?\u00a0\u00bb est n\u00e9 en 2017 avec une belle dynamique. Cette dynamique s&rsquo;est essouffl\u00e9e au<\/p>\n","protected":false},"author":1,"featured_media":0,"parent":0,"menu_order":0,"comment_status":"closed","ping_status":"open","template":"","meta":{"colormag_page_container_layout":"default_layout","colormag_page_sidebar_layout":"default_layout","footnotes":""},"class_list":["post-2","page","type-page","status-publish","hentry"],"_links":{"self":[{"href":"https:\/\/www.parquoijecommence.eu\/index.php?rest_route=\/wp\/v2\/pages\/2","targetHints":{"allow":["GET"]}}],"collection":[{"href":"https:\/\/www.parquoijecommence.eu\/index.php?rest_route=\/wp\/v2\/pages"}],"about":[{"href":"https:\/\/www.parquoijecommence.eu\/index.php?rest_route=\/wp\/v2\/types\/page"}],"author":[{"embeddable":true,"href":"https:\/\/www.parquoijecommence.eu\/index.php?rest_route=\/wp\/v2\/users\/1"}],"replies":[{"embeddable":true,"href":"https:\/\/www.parquoijecommence.eu\/index.php?rest_route=%2Fwp%2Fv2%2Fcomments&post=2"}],"version-history":[{"count":24,"href":"https:\/\/www.parquoijecommence.eu\/index.php?rest_route=\/wp\/v2\/pages\/2\/revisions"}],"predecessor-version":[{"id":1732,"href":"https:\/\/www.parquoijecommence.eu\/index.php?rest_route=\/wp\/v2\/pages\/2\/revisions\/1732"}],"wp:attachment":[{"href":"https:\/\/www.parquoijecommence.eu\/index.php?rest_route=%2Fwp%2Fv2%2Fmedia&parent=2"}],"curies":[{"name":"wp","href":"https:\/\/api.w.org\/{rel}","templated":true}]}}